mmon divisor of 3 and g?
3
Let x be (-72)/(-20)*((-3)/(-2) - -1). Calculate the highest common factor of x and 72.
9
Let m(k) = -8*k - 3*k**3 + 6*k**3 + 2*k**3 + 12*k - 3. Let b be m(2). What is the highest common divisor of b and 15?
15
Suppose -p - 3*r = -6, 3*p + 3*r = 4*p + 18. Let s = p - -13. What is the greatest common divisor of s and 56?
7
Let n be 7672/98 + (-4)/14. Calculate the highest common divisor of 130 and n.
26
Suppose 0*q = -5*q + 320. Suppose 0 = -d - 0*k + 2*k + q, -2*d + 5*k = -130. What is the highest common factor of 12 and d?
12
Suppose -3*r + t = -4*r + 17, -t + 2 = 0. What is the greatest common divisor of r and 45?
15
Let y(z) = -z**2 + 14*z - 8. Let t be y(12). Suppose -t = -c - 3*c. What is the highest common factor of c and 4?
4
Suppose 0 = -0*n + 3*n + 12. Let s be (-15)/(-2)*n/(-3). Calculate the highest common divisor of s and 10.
10
Let g = 38 + -28. What is the greatest common divisor of g and 10?
10
Let r be ((-92)/5)/(3/(-15)). Calculate the greatest common divisor of 23 and r.
23
Suppose 81 = 5*t + 26. Let u be (-2)/(-4) - 22/4. Let h(p) = -4*p + 2. Let n be h(u). Calculate the highest common factor of n and t.
11
Let g(b) = b**3 - 7*b**2 + 9*b - 5. Let z be g(6). Let m = 88 + -36. Let s = 0 + m. Calculate the highest common factor of s and z.
13
Let r = -16 - -21. Calculate the highest common divisor of r and 5.
5
Let y be (-4)/18 - (-520)/72. Let f(p) = 259*p**3 + 2*p**2 - 1. Let o be f(1). Let t be (-4)/2 + o/4. What is the highest common factor of y and t?
7
Let t(n) = n - 3. Let x be t(8). Suppose 3*g - 10 = 2, 5*l - x = 5*g. Suppose 0 = l*m - 2*m - 21. What is the greatest common divisor of 28 and m?
7
Let x(m) = -m**3 - 3*m**2 + 2*m - 4. Suppose -11 - 9 = 5*n. Let q be x(n). Suppose 0 = -q*h - 11 + 27. Calculate the highest common divisor of h and 6.
2
Suppose -3*m = -147 + 30. Calculate the highest common factor of 273 and m.
39
Suppose 4*d + d = 65. Calculate the greatest common divisor of 39 and d.
13
Let j(d) = 0*d + d + 1 + d. Let l be j(2). Suppose 309 - 29 = l*f. What is the greatest common factor of 8 and f?
8
Let n(i) = i**2 - i + 2. Suppose 3*x + 10 = -2*x. Let v be n(x). Calculate the greatest common divisor of 12 and v.
4
Suppose t + 5 = -5. Let i = t + 16. Calculate the greatest common divisor of 3 and i.
3
Suppose -7*m + 2*m = -35. Suppose h = -5*b, 2*b + 2*h = 3*h + 7. Let w = m + b. What is the highest common divisor of 80 and w?
8
Let u(t) = -t**2 - 16*t - 49. Let g be u(-11). What is the highest common divisor of g and 9?
3
Let y be (112/(-6))/(2/(-6)). Calculate the highest common divisor of y and 7.
7
Suppose -6*f = -8*f + 358. Suppose 3*m - 37 = f. What is the highest common divisor of m and 9?
9
Suppose -5*j = -5*b - 450, 2*b + 2 = -2. Suppose -64*h - 44 = -66*h. Calculate the highest common factor of h and j.
22
Let g be (-3)/6 + (-7)/2. Let b = g + 6. Suppose 0 = -4*q + q - 3*w + 15, 5*q + b*w - 31 = 0. Calculate the highest common divisor of q and 63.
7
Let f = -143 - -330. What is the greatest common factor of f and 17?
17
Suppose 68 - 318 = -2*p + 2*w, -498 = -4*p + 2*w. What is the highest common divisor of 31 and p?
31
Let l = 1126 + -1602. Let s be 3/9 + l/(-12). What is the greatest common factor of s and 10?
10
Let o(d) = -365*d - 1. Let m be o(1). Let g be 3/(-7) + m/(-21). Calculate the highest common factor of g and 51.
17
Suppose -4*u = -4*r - 324, -219 = -2*u + 3*r - 61. What is the highest common factor of u and 34?
17
Let y = -10 - -14. Suppose y*q + j - 23 = -0*j, q + 7 = 4*j. What is the greatest common factor of q and 10?
5
Suppose 3*z - z - 8 = 0. Suppose -3*g + 22 = -0*g + 4*q, -21 = -3*g - 3*q. Calculate the greatest common factor of g and z.
2
Suppose -d + 21 = 3*l, -5*l - 77 = 2*d - 5*d. Let q = -3 - -11. What is the greatest common factor of d and q?
8
Let i be (-260)/(-22) - (-2 - 100/(-55)). Calculate the highest common divisor of 4 and i.
4
Let t = -63 + 93. Calculate the greatest common factor of t and 15.
15
Let p = -9 + 21. Suppose 5*t - 354 + 114 = 0. What is the greatest common divisor of p and t?
12
Suppose 13*g = 20*g - 322. Calculate the greatest common factor of 368 and g.
46
Let l = 232 + 20. What is the greatest common divisor of 36 and l?
36
Suppose -5*l + 4*l = -39. What is the highest common factor of 26 and l?
13
Suppose -450 = -4*u + 102. Suppose -n + 135 = 3*s, 4*s = s - 2*n + u. Calculate the highest common divisor of 66 and s.
22
Suppose 4*x + 4*a - 416 = 5*a, 0 = -3*a. Suppose x = 4*v - 5*p, -2*v + 24 = -p - 28. Let k = v - -117. What is the highest common factor of k and 13?
13
Suppose 22 = 3*x + 4. Suppose 2*h = -4*g + 70, 6*g + 3*h = 2*g + 73. Suppose 2*k - 92 = g. Calculate the highest common divisor of k and x.
6
Suppose -4*y - 4*a + 0*a = 8, 5*y - 5*a = 20. Suppose -2*c - 8 = 0, 2*c + 18 = 4*g + g. What is the greatest common factor of y and g?
1
Suppose -w + 12 = -0*w. Suppose w = b - 40. Calculate the greatest common divisor of b and 13.
13
Let f(l) = l - 8. Let g be f(16). Suppose -2*y - 5*u + 244 = 2*y, 0 = 2*y - 2*u - 104. What is the highest common factor of y and g?
8
Let o(t) = t**3 - t**2 - 3*t - 3. Let c be o(-2). Let r = c - -12. Suppose -192 = -r*y + y. Calculate the greatest common divisor of 24 and y.
24
Suppose -16 = -4*s, 5*f - 3*s - s = 9. What is the highest common divisor of f and 25?
5
Suppose -r - 4*r + 50 = 0. Calculate the highest common factor of r and 70.
10
Let x(s) = -2*s**2 - 23*s + 12. Let r be x(-10). Calculate the highest common divisor of 462 and r.
42
Let b(j) = -34*j - 33. Let f be b(-11). What is the greatest common divisor of f and 31?
31
Suppose 2*b + b = -3. Let f = b + 5. Suppose -f*t + t + 33 = 0. Calculate the greatest common divisor of t and 55.
11
Let j be (-34)/153 - 2876/18. Let f be ((-30)/(-25))/((-6)/j). What is the greatest common factor of 96 and f?
32
Suppose 2*u - 2 = -3*f, -4*f - 1 = -u - 11. Let w be 3/(0/f - -1). What is the highest common divisor of w and 27?
3
Let t(j) = -j**3 + j**2 + 8. Let p be t(0). Let y = -16 + 72. Calculate the highest common divisor of p and y.
8
Let j = -3 - -4. Let r be (8/6 - j)*33. Let c(u) = u**2 - u + 31. Let q be c(-9). Calculate the greatest common factor of q and r.
11
Suppose 2*k - 6*j + 5 = -j, -j + 3 = 0. Suppose 0 = -o + k*t + 59, 4*t + 14 + 6 = 0. Calculate the greatest common divisor of o and 51.
17
Let b be 154 - (1 + -5 - -8). What is the highest common factor of 6 and b?
6
Suppose 4*p = 3 - 27. Let n(q) be the first derivative of q**3/3 + 3*q**2/2 + 3*q - 1. Let r be n(p). Calculate the highest common divisor of r and 14.
7
Let f = 34 - 14. Let d = -250 - -350. What is the greatest common divisor of f and d?
20
Suppose 63 + 207 = 2*n. Calculate the greatest common factor of 15 and n.
15
Suppose 4*m = -27 + 3. Let c be 20/(3*m/(-9)). Calculate the highest common factor of 50 and c.
10
Let n(i) = 7 + 2 + i**3 - 6*i + 7*i**2 + 6*i. Let m be n(-7). What is the greatest common divisor of 99 and m?
9
Suppose 4*j = 3*h + 7, -2*j - 2*h + 16 = -6*h. Let z be (-18)/1*5*j. What is the greatest common divisor of z and 20?
20
Let b(r) = r**2 - 6*r + 7. Let x be b(5). Let g be (-8)/(-44) - 212/(-44). What is the greatest common divisor of g and x?
1
Let w be (-1573)/(-26) + (-2)/(-4). Suppose -2*h + w - 19 = 0. Suppose 0 = -3*y + y - 4*a + 18, -9 = y - 4*a. Calculate the highest common factor of y and h.
3
Let t(f) = f**3 + f**2 - f + 1. Let n be t(1). Suppose -2*a - 3*h = -16, 7*a - h - 6 = n*a. Let k be 9/(5/a - 1). What is the greatest common factor of 9 and k?
3
Suppose -w - 52 = -2*f, 38 - 118 = -4*f - 4*w. Suppose -2*p + 500 = 3*k, 907 = 5*k - p + 65. What is the highest common factor of f and k?
24
Let n be -3*4/(-3) - 1. Let v be 434/n + 8/(-12). Suppose -2*t + 3*a + 23 = 0, -3*a = -0*a - 9. Calculate the highest common divisor of t and v.
16
Let n = 6 + 5. Let j(p) = 130*p**2 - p. Let v be j(-1). Suppose n - v = -3*i. Calculate the greatest common factor of i and 10.
10
Suppose o = 5*t + 1 + 3, 3*t = -2*o - 5. Let r = o + 1. Suppose r*y = 2*y - 98. Calculate the highest common factor of 7 and y.
7
Suppose -20*v = -16*v - 28. What is the highest common divisor of 63 and v?
7
Let c = -14 - -16. Let k be 162 + (c + -2)/1. Calcu